{"id":5511,"date":"2019-09-06T16:42:40","date_gmt":"2019-09-06T22:42:40","guid":{"rendered":"https:\/\/expofamilia.hn\/expofamilia.hn\/?page_id=5511"},"modified":"2019-09-06T16:53:45","modified_gmt":"2019-09-06T22:53:45","slug":"conferencias","status":"publish","type":"page","link":"https:\/\/expofamilia.hn\/expofamilia.hn\/conferencias\/","title":{"rendered":"Conferencias"},"content":{"rendered":"<p>[vc_row][vc_column][vc_empty_space]<div class=\"gt-heading gt-dark gt-size1 gt-center\"><div class=\"gt-title\">Nuestras <span>Conferencias<\/span><\/div><div class=\"gt-separate\"><i class=\"fas fa-cubes\" aria-hidden=\"true\"><\/i><\/div><\/div>[\/vc_column][vc_column][vc_empty_space]<div class=\"gt-blog gt-style4\"><div class=\"gt-columns gt-column-2 gt-column-space-30\"><div class=\"gt-col\"><div class=\"gt-inner\"><div class=\"gt-post-style-1\"><div class=\"gt-image\"><a href=\"https:\/\/expofamilia.hn\/expofamilia.hn\/2019\/09\/06\/taller-de-botanas-con-malucia-e-hija\/\" title=\"Taller de Botanas con MaLuc\u00eda e hija\"><img loading=\"lazy\" decoding=\"async\" width=\"720\" height=\"480\" src=\"https:\/\/expofamilia.hn\/expofamilia.hn\/wp-content\/uploads\/2019\/09\/10.jpg\" class=\"attachment-eventchamp-big-post size-eventchamp-big-post wp-post-image\" alt=\"\" srcset=\"https:\/\/expofamilia.hn\/expofamilia.hn\/wp-content\/uploads\/2019\/09\/10.jpg 720w, https:\/\/expofamilia.hn\/expofamilia.hn\/wp-content\/uploads\/2019\/09\/10-300x200.jpg 300w\" sizes=\"auto, (max-width: 720px) 100vw, 720px\" \/><\/a><div class=\"gt-category\"><ul class=\"post-categories\">\n\t<li><a href=\"https:\/\/expofamilia.hn\/expofamilia.hn\/category\/conferencias\/\" rel=\"category tag\">Conferencias<\/a><\/li><\/ul><\/div><\/div><div class=\"gt-title\"><a href=\"https:\/\/expofamilia.hn\/expofamilia.hn\/2019\/09\/06\/taller-de-botanas-con-malucia-e-hija\/\" title=\"Taller de Botanas con MaLuc\u00eda e hija\">Taller de Botanas con MaLuc\u00eda e hija<\/a><\/div><div class=\"gt-bottom\"><ul><li><i class=\"far fa-calendar-alt\"><\/i>6 septiembre, 2019<\/li><li><i class=\"far fa-comments\"><\/i>0 Comment<\/li><\/ul><a href=\"https:\/\/expofamilia.hn\/expofamilia.hn\/2019\/09\/06\/taller-de-botanas-con-malucia-e-hija\/\" title=\"Taller de Botanas con MaLuc\u00eda e hija\" class=\"gt-more\">Read More<\/a><\/div><\/div><\/div><\/div><div class=\"gt-col\"><div class=\"gt-inner\"><div class=\"gt-post-style-1\"><div class=\"gt-image\"><a href=\"https:\/\/expofamilia.hn\/expofamilia.hn\/2019\/09\/06\/los-ninos-en-la-era-digital-por-desiree-carias\/\" title=\"Los ni\u00f1os en la era digital por Desiree Car\u00edas\"><img loading=\"lazy\" decoding=\"async\" width=\"720\" height=\"480\" src=\"https:\/\/expofamilia.hn\/expofamilia.hn\/wp-content\/uploads\/2019\/09\/9.jpg\" class=\"attachment-eventchamp-big-post size-eventchamp-big-post wp-post-image\" alt=\"\" srcset=\"https:\/\/expofamilia.hn\/expofamilia.hn\/wp-content\/uploads\/2019\/09\/9.jpg 720w, https:\/\/expofamilia.hn\/expofamilia.hn\/wp-content\/uploads\/2019\/09\/9-300x200.jpg 300w\" sizes=\"auto, (max-width: 720px) 100vw, 720px\" \/><\/a><div class=\"gt-category\"><ul class=\"post-categories\">\n\t<li><a href=\"https:\/\/expofamilia.hn\/expofamilia.hn\/category\/conferencias\/\" rel=\"category tag\">Conferencias<\/a><\/li><\/ul><\/div><\/div><div class=\"gt-title\"><a href=\"https:\/\/expofamilia.hn\/expofamilia.hn\/2019\/09\/06\/los-ninos-en-la-era-digital-por-desiree-carias\/\" title=\"Los ni\u00f1os en la era digital por Desiree Car\u00edas\">Los ni\u00f1os en la era digital por Desiree Car\u00edas<\/a><\/div><div class=\"gt-bottom\"><ul><li><i class=\"far fa-calendar-alt\"><\/i>6 septiembre, 2019<\/li><li><i class=\"far fa-comments\"><\/i>0 Comment<\/li><\/ul><a href=\"https:\/\/expofamilia.hn\/expofamilia.hn\/2019\/09\/06\/los-ninos-en-la-era-digital-por-desiree-carias\/\" title=\"Los ni\u00f1os en la era digital por Desiree Car\u00edas\" class=\"gt-more\">Read More<\/a><\/div><\/div><\/div><\/div><div class=\"gt-col\"><div class=\"gt-inner\"><div class=\"gt-post-style-1\"><div class=\"gt-image\"><a href=\"https:\/\/expofamilia.hn\/expofamilia.hn\/2019\/09\/06\/healthy-snacks-para-tus-hijos-por-gina-valladares\/\" title=\"Healthy Snacks para tus hijos por Gina Valladares\"><img loading=\"lazy\" decoding=\"async\" width=\"720\" height=\"480\" src=\"https:\/\/expofamilia.hn\/expofamilia.hn\/wp-content\/uploads\/2019\/09\/8.jpg\" class=\"attachment-eventchamp-big-post size-eventchamp-big-post wp-post-image\" alt=\"\" srcset=\"https:\/\/expofamilia.hn\/expofamilia.hn\/wp-content\/uploads\/2019\/09\/8.jpg 720w, https:\/\/expofamilia.hn\/expofamilia.hn\/wp-content\/uploads\/2019\/09\/8-300x200.jpg 300w\" sizes=\"auto, (max-width: 720px) 100vw, 720px\" \/><\/a><div class=\"gt-category\"><ul class=\"post-categories\">\n\t<li><a href=\"https:\/\/expofamilia.hn\/expofamilia.hn\/category\/conferencias\/\" rel=\"category tag\">Conferencias<\/a><\/li><\/ul><\/div><\/div><div class=\"gt-title\"><a href=\"https:\/\/expofamilia.hn\/expofamilia.hn\/2019\/09\/06\/healthy-snacks-para-tus-hijos-por-gina-valladares\/\" title=\"Healthy Snacks para tus hijos por Gina Valladares\">Healthy Snacks para tus hijos por Gina Valladares<\/a><\/div><div class=\"gt-bottom\"><ul><li><i class=\"far fa-calendar-alt\"><\/i>6 septiembre, 2019<\/li><li><i class=\"far fa-comments\"><\/i>0 Comment<\/li><\/ul><a href=\"https:\/\/expofamilia.hn\/expofamilia.hn\/2019\/09\/06\/healthy-snacks-para-tus-hijos-por-gina-valladares\/\" title=\"Healthy Snacks para tus hijos por Gina Valladares\" class=\"gt-more\">Read More<\/a><\/div><\/div><\/div><\/div><div class=\"gt-col\"><div class=\"gt-inner\"><div class=\"gt-post-style-1\"><div class=\"gt-image\"><a href=\"https:\/\/expofamilia.hn\/expofamilia.hn\/2019\/09\/06\/haz-mas-divertidas-las-mananas-de-tus-hijos-por-desiree-carias-y-andrea-hernandez\/\" title=\"Haz m\u00e1s divertidas las ma\u00f1anas de tus hijos por Desire\u00e9 Car\u00edas y Andrea Hernandez\"><img loading=\"lazy\" decoding=\"async\" width=\"720\" height=\"480\" src=\"https:\/\/expofamilia.hn\/expofamilia.hn\/wp-content\/uploads\/2019\/09\/7.jpg\" class=\"attachment-eventchamp-big-post size-eventchamp-big-post wp-post-image\" alt=\"\" srcset=\"https:\/\/expofamilia.hn\/expofamilia.hn\/wp-content\/uploads\/2019\/09\/7.jpg 720w, https:\/\/expofamilia.hn\/expofamilia.hn\/wp-content\/uploads\/2019\/09\/7-300x200.jpg 300w\" sizes=\"auto, (max-width: 720px) 100vw, 720px\" \/><\/a><div class=\"gt-category\"><ul class=\"post-categories\">\n\t<li><a href=\"https:\/\/expofamilia.hn\/expofamilia.hn\/category\/conferencias\/\" rel=\"category tag\">Conferencias<\/a><\/li><\/ul><\/div><\/div><div class=\"gt-title\"><a href=\"https:\/\/expofamilia.hn\/expofamilia.hn\/2019\/09\/06\/haz-mas-divertidas-las-mananas-de-tus-hijos-por-desiree-carias-y-andrea-hernandez\/\" title=\"Haz m\u00e1s divertidas las ma\u00f1anas de tus hijos por Desire\u00e9 Car\u00edas y Andrea Hernandez\">Haz m\u00e1s divertidas las ma\u00f1anas de tus hijos por Desire\u00e9 Car\u00edas y Andrea Hernandez<\/a><\/div><div class=\"gt-bottom\"><ul><li><i class=\"far fa-calendar-alt\"><\/i>6 septiembre, 2019<\/li><li><i class=\"far fa-comments\"><\/i>0 Comment<\/li><\/ul><a href=\"https:\/\/expofamilia.hn\/expofamilia.hn\/2019\/09\/06\/haz-mas-divertidas-las-mananas-de-tus-hijos-por-desiree-carias-y-andrea-hernandez\/\" title=\"Haz m\u00e1s divertidas las ma\u00f1anas de tus hijos por Desire\u00e9 Car\u00edas y Andrea Hernandez\" class=\"gt-more\">Read More<\/a><\/div><\/div><\/div><\/div><div class=\"gt-col\"><div class=\"gt-inner\"><div class=\"gt-post-style-1\"><div class=\"gt-image\"><a href=\"https:\/\/expofamilia.hn\/expofamilia.hn\/2019\/09\/06\/se-la-mejor-version-de-ti-misma-por-gina-valladares-y-nineth-espinoza\/\" title=\"S\u00e9 la mejor versi\u00f3n de t\u00ed misma por Gina Valladares y Nineth Espinoza\"><img loading=\"lazy\" decoding=\"async\" width=\"720\" height=\"480\" src=\"https:\/\/expofamilia.hn\/expofamilia.hn\/wp-content\/uploads\/2019\/09\/6.jpg\" class=\"attachment-eventchamp-big-post size-eventchamp-big-post wp-post-image\" alt=\"\" srcset=\"https:\/\/expofamilia.hn\/expofamilia.hn\/wp-content\/uploads\/2019\/09\/6.jpg 720w, https:\/\/expofamilia.hn\/expofamilia.hn\/wp-content\/uploads\/2019\/09\/6-300x200.jpg 300w\" sizes=\"auto, (max-width: 720px) 100vw, 720px\" \/><\/a><div class=\"gt-category\"><ul class=\"post-categories\">\n\t<li><a href=\"https:\/\/expofamilia.hn\/expofamilia.hn\/category\/conferencias\/\" rel=\"category tag\">Conferencias<\/a><\/li><\/ul><\/div><\/div><div class=\"gt-title\"><a href=\"https:\/\/expofamilia.hn\/expofamilia.hn\/2019\/09\/06\/se-la-mejor-version-de-ti-misma-por-gina-valladares-y-nineth-espinoza\/\" title=\"S\u00e9 la mejor versi\u00f3n de t\u00ed misma por Gina Valladares y Nineth Espinoza\">S\u00e9 la mejor versi\u00f3n de t\u00ed misma por Gina Valladares y Nineth Espinoza<\/a><\/div><div class=\"gt-bottom\"><ul><li><i class=\"far fa-calendar-alt\"><\/i>6 septiembre, 2019<\/li><li><i class=\"far fa-comments\"><\/i>0 Comment<\/li><\/ul><a href=\"https:\/\/expofamilia.hn\/expofamilia.hn\/2019\/09\/06\/se-la-mejor-version-de-ti-misma-por-gina-valladares-y-nineth-espinoza\/\" title=\"S\u00e9 la mejor versi\u00f3n de t\u00ed misma por Gina Valladares y Nineth Espinoza\" class=\"gt-more\">Read More<\/a><\/div><\/div><\/div><\/div><div class=\"gt-col\"><div class=\"gt-inner\"><div class=\"gt-post-style-1\"><div class=\"gt-image\"><a href=\"https:\/\/expofamilia.hn\/expofamilia.hn\/2019\/09\/06\/lets-kanga-con-melissa-dacarett\/\" title=\"Let\u2019s Kanga! con Melissa Dacarett\"><img loading=\"lazy\" decoding=\"async\" width=\"720\" height=\"480\" src=\"https:\/\/expofamilia.hn\/expofamilia.hn\/wp-content\/uploads\/2019\/09\/5.jpg\" class=\"attachment-eventchamp-big-post size-eventchamp-big-post wp-post-image\" alt=\"\" srcset=\"https:\/\/expofamilia.hn\/expofamilia.hn\/wp-content\/uploads\/2019\/09\/5.jpg 720w, https:\/\/expofamilia.hn\/expofamilia.hn\/wp-content\/uploads\/2019\/09\/5-300x200.jpg 300w\" sizes=\"auto, (max-width: 720px) 100vw, 720px\" \/><\/a><div class=\"gt-category\"><ul class=\"post-categories\">\n\t<li><a href=\"https:\/\/expofamilia.hn\/expofamilia.hn\/category\/conferencias\/\" rel=\"category tag\">Conferencias<\/a><\/li><\/ul><\/div><\/div><div class=\"gt-title\"><a href=\"https:\/\/expofamilia.hn\/expofamilia.hn\/2019\/09\/06\/lets-kanga-con-melissa-dacarett\/\" title=\"Let\u2019s Kanga! con Melissa Dacarett\">Let\u2019s Kanga! con Melissa Dacarett<\/a><\/div><div class=\"gt-bottom\"><ul><li><i class=\"far fa-calendar-alt\"><\/i>6 septiembre, 2019<\/li><li><i class=\"far fa-comments\"><\/i>0 Comment<\/li><\/ul><a href=\"https:\/\/expofamilia.hn\/expofamilia.hn\/2019\/09\/06\/lets-kanga-con-melissa-dacarett\/\" title=\"Let\u2019s Kanga! con Melissa Dacarett\" class=\"gt-more\">Read More<\/a><\/div><\/div><\/div><\/div><div class=\"gt-col\"><div class=\"gt-inner\"><div class=\"gt-post-style-1\"><div class=\"gt-image\"><a href=\"https:\/\/expofamilia.hn\/expofamilia.hn\/2019\/09\/06\/la-mujer-y-su-rol-de-administradora-del-hogar-ali-kafie\/\" title=\"La mujer y su rol de administradora del hogar Ali Kafie\"><img loading=\"lazy\" decoding=\"async\" width=\"720\" height=\"480\" src=\"https:\/\/expofamilia.hn\/expofamilia.hn\/wp-content\/uploads\/2019\/09\/4.jpg\" class=\"attachment-eventchamp-big-post size-eventchamp-big-post wp-post-image\" alt=\"\" srcset=\"https:\/\/expofamilia.hn\/expofamilia.hn\/wp-content\/uploads\/2019\/09\/4.jpg 720w, https:\/\/expofamilia.hn\/expofamilia.hn\/wp-content\/uploads\/2019\/09\/4-300x200.jpg 300w\" sizes=\"auto, (max-width: 720px) 100vw, 720px\" \/><\/a><div class=\"gt-category\"><ul class=\"post-categories\">\n\t<li><a href=\"https:\/\/expofamilia.hn\/expofamilia.hn\/category\/conferencias\/\" rel=\"category tag\">Conferencias<\/a><\/li><\/ul><\/div><\/div><div class=\"gt-title\"><a href=\"https:\/\/expofamilia.hn\/expofamilia.hn\/2019\/09\/06\/la-mujer-y-su-rol-de-administradora-del-hogar-ali-kafie\/\" title=\"La mujer y su rol de administradora del hogar Ali Kafie\">La mujer y su rol de administradora del hogar Ali Kafie<\/a><\/div><div class=\"gt-bottom\"><ul><li><i class=\"far fa-calendar-alt\"><\/i>6 septiembre, 2019<\/li><li><i class=\"far fa-comments\"><\/i>0 Comment<\/li><\/ul><a href=\"https:\/\/expofamilia.hn\/expofamilia.hn\/2019\/09\/06\/la-mujer-y-su-rol-de-administradora-del-hogar-ali-kafie\/\" title=\"La mujer y su rol de administradora del hogar Ali Kafie\" class=\"gt-more\">Read More<\/a><\/div><\/div><\/div><\/div><div class=\"gt-col\"><div class=\"gt-inner\"><div class=\"gt-post-style-1\"><div class=\"gt-image\"><a href=\"https:\/\/expofamilia.hn\/expofamilia.hn\/2019\/09\/06\/tips-de-maquillaje-segun-tu-piel-por-loreal\/\" title=\"Tips de maquillaje seg\u00fan tu piel por Loreal\"><img loading=\"lazy\" decoding=\"async\" width=\"720\" height=\"480\" src=\"https:\/\/expofamilia.hn\/expofamilia.hn\/wp-content\/uploads\/2019\/09\/3.jpg\" class=\"attachment-eventchamp-big-post size-eventchamp-big-post wp-post-image\" alt=\"\" srcset=\"https:\/\/expofamilia.hn\/expofamilia.hn\/wp-content\/uploads\/2019\/09\/3.jpg 720w, https:\/\/expofamilia.hn\/expofamilia.hn\/wp-content\/uploads\/2019\/09\/3-300x200.jpg 300w\" sizes=\"auto, (max-width: 720px) 100vw, 720px\" \/><\/a><div class=\"gt-category\"><ul class=\"post-categories\">\n\t<li><a href=\"https:\/\/expofamilia.hn\/expofamilia.hn\/category\/conferencias\/\" rel=\"category tag\">Conferencias<\/a><\/li><\/ul><\/div><\/div><div class=\"gt-title\"><a href=\"https:\/\/expofamilia.hn\/expofamilia.hn\/2019\/09\/06\/tips-de-maquillaje-segun-tu-piel-por-loreal\/\" title=\"Tips de maquillaje seg\u00fan tu piel por Loreal\">Tips de maquillaje seg\u00fan tu piel por Loreal<\/a><\/div><div class=\"gt-bottom\"><ul><li><i class=\"far fa-calendar-alt\"><\/i>6 septiembre, 2019<\/li><li><i class=\"far fa-comments\"><\/i>0 Comment<\/li><\/ul><a href=\"https:\/\/expofamilia.hn\/expofamilia.hn\/2019\/09\/06\/tips-de-maquillaje-segun-tu-piel-por-loreal\/\" title=\"Tips de maquillaje seg\u00fan tu piel por Loreal\" class=\"gt-more\">Read More<\/a><\/div><\/div><\/div><\/div><div class=\"gt-col\"><div class=\"gt-inner\"><div class=\"gt-post-style-1\"><div class=\"gt-image\"><a href=\"https:\/\/expofamilia.hn\/expofamilia.hn\/2019\/09\/06\/la-comunicacion-en-la-familia-andrea-hernandez\/\" title=\"La comunicaci\u00f3n en la familia Andrea Hernandez\"><img loading=\"lazy\" decoding=\"async\" width=\"720\" height=\"480\" src=\"https:\/\/expofamilia.hn\/expofamilia.hn\/wp-content\/uploads\/2019\/09\/2.jpg\" class=\"attachment-eventchamp-big-post size-eventchamp-big-post wp-post-image\" alt=\"\" srcset=\"https:\/\/expofamilia.hn\/expofamilia.hn\/wp-content\/uploads\/2019\/09\/2.jpg 720w, https:\/\/expofamilia.hn\/expofamilia.hn\/wp-content\/uploads\/2019\/09\/2-300x200.jpg 300w\" sizes=\"auto, (max-width: 720px) 100vw, 720px\" \/><\/a><div class=\"gt-category\"><ul class=\"post-categories\">\n\t<li><a href=\"https:\/\/expofamilia.hn\/expofamilia.hn\/category\/conferencias\/\" rel=\"category tag\">Conferencias<\/a><\/li><\/ul><\/div><\/div><div class=\"gt-title\"><a href=\"https:\/\/expofamilia.hn\/expofamilia.hn\/2019\/09\/06\/la-comunicacion-en-la-familia-andrea-hernandez\/\" title=\"La comunicaci\u00f3n en la familia Andrea Hernandez\">La comunicaci\u00f3n en la familia Andrea Hernandez<\/a><\/div><div class=\"gt-bottom\"><ul><li><i class=\"far fa-calendar-alt\"><\/i>6 septiembre, 2019<\/li><li><i class=\"far fa-comments\"><\/i>0 Comment<\/li><\/ul><a href=\"https:\/\/expofamilia.hn\/expofamilia.hn\/2019\/09\/06\/la-comunicacion-en-la-familia-andrea-hernandez\/\" title=\"La comunicaci\u00f3n en la familia Andrea Hernandez\" class=\"gt-more\">Read More<\/a><\/div><\/div><\/div><\/div><div class=\"gt-col\"><div class=\"gt-inner\"><div class=\"gt-post-style-1\"><div class=\"gt-image\"><a href=\"https:\/\/expofamilia.hn\/expofamilia.hn\/2019\/09\/06\/yoga-morning-con-anahatha-yoga\/\" title=\"Yoga Morning con Anahatha Yoga\"><img loading=\"lazy\" decoding=\"async\" width=\"720\" height=\"480\" src=\"https:\/\/expofamilia.hn\/expofamilia.hn\/wp-content\/uploads\/2019\/09\/1.jpg\" class=\"attachment-eventchamp-big-post size-eventchamp-big-post wp-post-image\" alt=\"\" srcset=\"https:\/\/expofamilia.hn\/expofamilia.hn\/wp-content\/uploads\/2019\/09\/1.jpg 720w, https:\/\/expofamilia.hn\/expofamilia.hn\/wp-content\/uploads\/2019\/09\/1-300x200.jpg 300w\" sizes=\"auto, (max-width: 720px) 100vw, 720px\" \/><\/a><div class=\"gt-category\"><ul class=\"post-categories\">\n\t<li><a href=\"https:\/\/expofamilia.hn\/expofamilia.hn\/category\/conferencias\/\" rel=\"category tag\">Conferencias<\/a><\/li><\/ul><\/div><\/div><div class=\"gt-title\"><a href=\"https:\/\/expofamilia.hn\/expofamilia.hn\/2019\/09\/06\/yoga-morning-con-anahatha-yoga\/\" title=\"Yoga Morning con Anahatha Yoga\">Yoga Morning con Anahatha Yoga<\/a><\/div><div class=\"gt-bottom\"><ul><li><i class=\"far fa-calendar-alt\"><\/i>6 septiembre, 2019<\/li><li><i class=\"far fa-comments\"><\/i>0 Comment<\/li><\/ul><a href=\"https:\/\/expofamilia.hn\/expofamilia.hn\/2019\/09\/06\/yoga-morning-con-anahatha-yoga\/\" title=\"Yoga Morning con Anahatha Yoga\" class=\"gt-more\">Read More<\/a><\/div><\/div><\/div><\/div><\/div><\/div>[\/vc_column][\/vc_row]<\/p>\n","protected":false},"excerpt":{"rendered":"<p>[vc_row][vc_column][vc_empty_space][\/vc_column][vc_column][vc_empty_space][\/vc_column][\/vc_row]<\/p>\n","protected":false},"author":3,"featured_media":0,"parent":0,"menu_order":0,"comment_status":"closed","ping_status":"closed","template":"","meta":{"footnotes":""},"class_list":["post-5511","page","type-page","status-publish","hentry"],"_links":{"self":[{"href":"https:\/\/expofamilia.hn\/expofamilia.hn\/wp-json\/wp\/v2\/pages\/5511","targetHints":{"allow":["GET"]}}],"collection":[{"href":"https:\/\/expofamilia.hn\/expofamilia.hn\/wp-json\/wp\/v2\/pages"}],"about":[{"href":"https:\/\/expofamilia.hn\/expofamilia.hn\/wp-json\/wp\/v2\/types\/page"}],"author":[{"embeddable":true,"href":"https:\/\/expofamilia.hn\/expofamilia.hn\/wp-json\/wp\/v2\/users\/3"}],"replies":[{"embeddable":true,"href":"https:\/\/expofamilia.hn\/expofamilia.hn\/wp-json\/wp\/v2\/comments?post=5511"}],"version-history":[{"count":7,"href":"https:\/\/expofamilia.hn\/expofamilia.hn\/wp-json\/wp\/v2\/pages\/5511\/revisions"}],"predecessor-version":[{"id":5519,"href":"https:\/\/expofamilia.hn\/expofamilia.hn\/wp-json\/wp\/v2\/pages\/5511\/revisions\/5519"}],"wp:attachment":[{"href":"https:\/\/expofamilia.hn\/expofamilia.hn\/wp-json\/wp\/v2\/media?parent=5511"}],"curies":[{"name":"wp","href":"https:\/\/api.w.org\/{rel}","templated":true}]}}