{"id":2271,"date":"2019-07-13T01:49:00","date_gmt":"2019-07-12T23:49:00","guid":{"rendered":"https:\/\/expofamilia.hn\/?post_type=speaker&#038;p=2271"},"modified":"2019-07-19T20:20:31","modified_gmt":"2019-07-20T02:20:31","slug":"andrea-hernandez","status":"publish","type":"speaker","link":"https:\/\/expofamilia.hn\/expofamilia.hn\/speaker\/andrea-hernandez\/","title":{"rendered":"Andrea Hern\u00e1ndez"},"content":{"rendered":"\n<p>Soy abogada de profesi\u00f3n,\ncomunicadora por vocaci\u00f3n. Productora audiovisual, guionista y locutora en\nnoticias y entretenimiento. Aventurera, amante de deportes extremos como buceo,\nescalada, rapel y paracaidismo. Aunque tambi\u00e9n disfruto nadar, jugar volleyball\ny correr maratones. <\/p>\n\n\n\n<p>Diplomado en control de salud y\nnutrici\u00f3n. Aficionada a la cocina por tradici\u00f3n familiar, pero tratando de\nllevar un estilo de vida saludable, luego de un proceso de p\u00e9rdida de peso. Soy\nmodelo editorial, comercial y de pasarela desde 2009.<\/p>\n\n\n\n<p>Enamorada hace 8 a\u00f1os de mi mejor\namigo y complemento. Imparto talks motivacionales sobre relaciones, manejo de\nemociones, empoderamiento de la mujer, lactancia y familia. <\/p>\n\n\n\n<p>\u00a1Ah! Y Mam\u00e1 Tambi\u00e9n hace 4 a\u00f1os.&nbsp; <\/p>\n","protected":false},"excerpt":{"rendered":"<p>Soy abogada de profesi\u00f3n, comunicadora por vocaci\u00f3n. Productora audiovisual, guionista y locutora en noticias y entretenimiento. Aventurera, amante de deportes extremos como buceo, escalada, rapel y paracaidismo. Aunque tambi\u00e9n disfruto nadar, jugar volleyball y correr maratones. Diplomado en control de&#8230;<\/p>\n","protected":false},"author":1,"featured_media":2536,"comment_status":"open","ping_status":"closed","template":"","meta":{"footnotes":""},"location":[],"speaker-tags":[37,41,46,57,60],"class_list":["post-2271","speaker","type-speaker","status-publish","has-post-thumbnail","hentry","speaker-tags-business","speaker-tags-conference","speaker-tags-event","speaker-tags-speaker","speaker-tags-storyteller"],"_links":{"self":[{"href":"https:\/\/expofamilia.hn\/expofamilia.hn\/wp-json\/wp\/v2\/speaker\/2271","targetHints":{"allow":["GET"]}}],"collection":[{"href":"https:\/\/expofamilia.hn\/expofamilia.hn\/wp-json\/wp\/v2\/speaker"}],"about":[{"href":"https:\/\/expofamilia.hn\/expofamilia.hn\/wp-json\/wp\/v2\/types\/speaker"}],"author":[{"embeddable":true,"href":"https:\/\/expofamilia.hn\/expofamilia.hn\/wp-json\/wp\/v2\/users\/1"}],"replies":[{"embeddable":true,"href":"https:\/\/expofamilia.hn\/expofamilia.hn\/wp-json\/wp\/v2\/comments?post=2271"}],"version-history":[{"count":1,"href":"https:\/\/expofamilia.hn\/expofamilia.hn\/wp-json\/wp\/v2\/speaker\/2271\/revisions"}],"predecessor-version":[{"id":2564,"href":"https:\/\/expofamilia.hn\/expofamilia.hn\/wp-json\/wp\/v2\/speaker\/2271\/revisions\/2564"}],"wp:featuredmedia":[{"embeddable":true,"href":"https:\/\/expofamilia.hn\/expofamilia.hn\/wp-json\/wp\/v2\/media\/2536"}],"wp:attachment":[{"href":"https:\/\/expofamilia.hn\/expofamilia.hn\/wp-json\/wp\/v2\/media?parent=2271"}],"wp:term":[{"taxonomy":"location","embeddable":true,"href":"https:\/\/expofamilia.hn\/expofamilia.hn\/wp-json\/wp\/v2\/location?post=2271"},{"taxonomy":"speaker-tags","embeddable":true,"href":"https:\/\/expofamilia.hn\/expofamilia.hn\/wp-json\/wp\/v2\/speaker-tags?post=2271"}],"curies":[{"name":"wp","href":"https:\/\/api.w.org\/{rel}","templated":true}]}}

Andrea Hernández

<p>Soy abogada de profesión,
comunicadora por vocación. Productora audiovisual, guionista y locutora en
noticias y entretenimiento. Aventurera, amante de deportes extremos como buceo,
escalada, rapel y paracaidismo. Aunque también disfruto nadar, jugar volleyball
y correr maratones. </p>



<p>Diplomado en control de salud y
nutrición. Aficionada a la cocina por tradición familiar, pero tratando de
llevar un estilo de vida saludable, luego de un proceso de pérdida de peso. Soy
modelo editorial, comercial y de pasarela desde 2009.</p>



<p>Enamorada hace 8 años de mi mejor
amigo y complemento. Imparto talks motivacionales sobre relaciones, manejo de
emociones, empoderamiento de la mujer, lactancia y familia. </p>



<p>¡Ah! Y Mamá También hace 4 años.&nbsp; </p>

<p>Soy abogada de profesión, comunicadora por vocación. Productora audiovisual, guionista y locutora en noticias y entretenimiento. Aventurera, amante de deportes extremos como buceo, escalada, rapel y paracaidismo. Aunque también disfruto nadar, jugar volleyball y correr maratones. Diplomado en control de&#8230;</p>
