{"id":2294,"date":"2019-07-13T18:26:55","date_gmt":"2019-07-13T16:26:55","guid":{"rendered":"https:\/\/expofamilia.hn\/?post_type=speaker&#038;p=2294"},"modified":"2019-07-18T21:54:59","modified_gmt":"2019-07-19T03:54:59","slug":"gina-valladares-es-la-mama-hn","status":"publish","type":"speaker","link":"https:\/\/expofamilia.hn\/expofamilia.hn\/speaker\/gina-valladares-es-la-mama-hn\/","title":{"rendered":"Gina Valladares"},"content":{"rendered":"\n<p>Gina Valladares es una Mom Blogger con una caracter\u00edstica reflexiva, brinda una p\u00edldora espiritual para todas las mam\u00e1s y personas en general que la siguen.<\/p>\n\n\n\n<p>Gina es\nesposa y mam\u00e1 de dos peque\u00f1os, brinda un contenido variado para el cuidado de\nlos peque\u00f1os y de la mujer en sus diferentes etapas.<\/p>\n","protected":false},"excerpt":{"rendered":"<p>Gina Valladares es una Mom Blogger con una caracter\u00edstica reflexiva, brinda una p\u00edldora espiritual para todas las mam\u00e1s y personas en general que la siguen. Gina es esposa y mam\u00e1 de dos peque\u00f1os, brinda un contenido variado para el cuidado&#8230;<\/p>\n","protected":false},"author":1,"featured_media":2565,"comment_status":"open","ping_status":"closed","template":"","meta":{"footnotes":""},"location":[],"speaker-tags":[37,41,46,57,60],"class_list":["post-2294","speaker","type-speaker","status-publish","has-post-thumbnail","hentry","speaker-tags-business","speaker-tags-conference","speaker-tags-event","speaker-tags-speaker","speaker-tags-storyteller"],"_links":{"self":[{"href":"https:\/\/expofamilia.hn\/expofamilia.hn\/wp-json\/wp\/v2\/speaker\/2294","targetHints":{"allow":["GET"]}}],"collection":[{"href":"https:\/\/expofamilia.hn\/expofamilia.hn\/wp-json\/wp\/v2\/speaker"}],"about":[{"href":"https:\/\/expofamilia.hn\/expofamilia.hn\/wp-json\/wp\/v2\/types\/speaker"}],"author":[{"embeddable":true,"href":"https:\/\/expofamilia.hn\/expofamilia.hn\/wp-json\/wp\/v2\/users\/1"}],"replies":[{"embeddable":true,"href":"https:\/\/expofamilia.hn\/expofamilia.hn\/wp-json\/wp\/v2\/comments?post=2294"}],"version-history":[{"count":1,"href":"https:\/\/expofamilia.hn\/expofamilia.hn\/wp-json\/wp\/v2\/speaker\/2294\/revisions"}],"predecessor-version":[{"id":2567,"href":"https:\/\/expofamilia.hn\/expofamilia.hn\/wp-json\/wp\/v2\/speaker\/2294\/revisions\/2567"}],"wp:featuredmedia":[{"embeddable":true,"href":"https:\/\/expofamilia.hn\/expofamilia.hn\/wp-json\/wp\/v2\/media\/2565"}],"wp:attachment":[{"href":"https:\/\/expofamilia.hn\/expofamilia.hn\/wp-json\/wp\/v2\/media?parent=2294"}],"wp:term":[{"taxonomy":"location","embeddable":true,"href":"https:\/\/expofamilia.hn\/expofamilia.hn\/wp-json\/wp\/v2\/location?post=2294"},{"taxonomy":"speaker-tags","embeddable":true,"href":"https:\/\/expofamilia.hn\/expofamilia.hn\/wp-json\/wp\/v2\/speaker-tags?post=2294"}],"curies":[{"name":"wp","href":"https:\/\/api.w.org\/{rel}","templated":true}]}}

<p>Gina Valladares es una Mom Blogger con una característica reflexiva, brinda una píldora espiritual para todas las mamás y personas en general que la siguen.</p>



<p>Gina es
esposa y mamá de dos pequeños, brinda un contenido variado para el cuidado de
los pequeños y de la mujer en sus diferentes etapas.</p>

<p>Gina Valladares es una Mom Blogger con una característica reflexiva, brinda una píldora espiritual para todas las mamás y personas en general que la siguen. Gina es esposa y mamá de dos pequeños, brinda un contenido variado para el cuidado&#8230;</p>
