{"id":2299,"date":"2019-07-13T18:37:25","date_gmt":"2019-07-13T16:37:25","guid":{"rendered":"https:\/\/expofamilia.hn\/?post_type=speaker&#038;p=2299"},"modified":"2019-07-19T20:38:40","modified_gmt":"2019-07-20T02:38:40","slug":"dessire-carias-its-a-mom","status":"publish","type":"speaker","link":"https:\/\/expofamilia.hn\/expofamilia.hn\/speaker\/dessire-carias-its-a-mom\/","title":{"rendered":"Dessire Car\u00edas \u00abIt&#8217;s a Mom\u00bb"},"content":{"rendered":"\n<p>Dessire Car\u00edas es una Mom Blogger que orienta su canal de consejos pr\u00e1cticos para el d\u00eda a d\u00eda como Madre. Entre ellos, meriendas saludables, actividades con sus hijos entre otras.<\/p>\n\n\n\n<p>Extra a esto\nDessire es una Mam\u00e1 extrovertida, divertida y diferente, resalta en su canal la\nbelleza femenina y el empoderamiento de las mam\u00e1s.<\/p>\n","protected":false},"excerpt":{"rendered":"<p>Dessire Car\u00edas es una Mom Blogger que orienta su canal de consejos pr\u00e1cticos para el d\u00eda a d\u00eda como Madre. Entre ellos, meriendas saludables, actividades con sus hijos entre otras. Extra a esto Dessire es una Mam\u00e1 extrovertida, divertida y&#8230;<\/p>\n","protected":false},"author":1,"featured_media":2568,"comment_status":"open","ping_status":"closed","template":"","meta":{"footnotes":""},"location":[],"speaker-tags":[37,41,46,57,60],"class_list":["post-2299","speaker","type-speaker","status-publish","has-post-thumbnail","hentry","speaker-tags-business","speaker-tags-conference","speaker-tags-event","speaker-tags-speaker","speaker-tags-storyteller"],"_links":{"self":[{"href":"https:\/\/expofamilia.hn\/expofamilia.hn\/wp-json\/wp\/v2\/speaker\/2299","targetHints":{"allow":["GET"]}}],"collection":[{"href":"https:\/\/expofamilia.hn\/expofamilia.hn\/wp-json\/wp\/v2\/speaker"}],"about":[{"href":"https:\/\/expofamilia.hn\/expofamilia.hn\/wp-json\/wp\/v2\/types\/speaker"}],"author":[{"embeddable":true,"href":"https:\/\/expofamilia.hn\/expofamilia.hn\/wp-json\/wp\/v2\/users\/1"}],"replies":[{"embeddable":true,"href":"https:\/\/expofamilia.hn\/expofamilia.hn\/wp-json\/wp\/v2\/comments?post=2299"}],"version-history":[{"count":1,"href":"https:\/\/expofamilia.hn\/expofamilia.hn\/wp-json\/wp\/v2\/speaker\/2299\/revisions"}],"predecessor-version":[{"id":2569,"href":"https:\/\/expofamilia.hn\/expofamilia.hn\/wp-json\/wp\/v2\/speaker\/2299\/revisions\/2569"}],"wp:featuredmedia":[{"embeddable":true,"href":"https:\/\/expofamilia.hn\/expofamilia.hn\/wp-json\/wp\/v2\/media\/2568"}],"wp:attachment":[{"href":"https:\/\/expofamilia.hn\/expofamilia.hn\/wp-json\/wp\/v2\/media?parent=2299"}],"wp:term":[{"taxonomy":"location","embeddable":true,"href":"https:\/\/expofamilia.hn\/expofamilia.hn\/wp-json\/wp\/v2\/location?post=2299"},{"taxonomy":"speaker-tags","embeddable":true,"href":"https:\/\/expofamilia.hn\/expofamilia.hn\/wp-json\/wp\/v2\/speaker-tags?post=2299"}],"curies":[{"name":"wp","href":"https:\/\/api.w.org\/{rel}","templated":true}]}}

Dessire Carías «It&#8217;s a Mom»

<p>Dessire Carías es una Mom Blogger que orienta su canal de consejos prácticos para el día a día como Madre. Entre ellos, meriendas saludables, actividades con sus hijos entre otras.</p>



<p>Extra a esto
Dessire es una Mamá extrovertida, divertida y diferente, resalta en su canal la
belleza femenina y el empoderamiento de las mamás.</p>

<p>Dessire Carías es una Mom Blogger que orienta su canal de consejos prácticos para el día a día como Madre. Entre ellos, meriendas saludables, actividades con sus hijos entre otras. Extra a esto Dessire es una Mamá extrovertida, divertida y&#8230;</p>
