{"id":2378,"date":"2019-07-13T19:02:23","date_gmt":"2019-07-13T17:02:23","guid":{"rendered":"https:\/\/expofamilia.hn\/?post_type=speaker&#038;p=2310"},"modified":"2019-07-19T16:45:27","modified_gmt":"2019-07-19T22:45:27","slug":"loren-mercadal","status":"publish","type":"speaker","link":"https:\/\/expofamilia.hn\/expofamilia.hn\/speaker\/loren-mercadal\/","title":{"rendered":"Loren Mercadal"},"content":{"rendered":"\n<p> Presentadora de la revista matutina Las Ma\u00f1anas del 5, Talento TVC , en\u00e9rgica, carism\u00e1tica, figura fitness, a trav\u00e9s de sus redes sociales brinda consejos de salud y nutrici\u00f3n y rutinas de ejercicio f\u00e1ciles y r\u00e1pidas. <\/p>\n","protected":false},"excerpt":{"rendered":"<p>Presentadora de la revista matutina Las Ma\u00f1anas del 5, Talento TVC , en\u00e9rgica, carism\u00e1tica, figura fitness, a trav\u00e9s de sus redes sociales brinda consejos de salud y nutrici\u00f3n y rutinas de ejercicio f\u00e1ciles y r\u00e1pidas.<\/p>\n","protected":false},"author":1,"featured_media":2611,"comment_status":"open","ping_status":"closed","template":"","meta":{"footnotes":""},"location":[],"speaker-tags":[37,41,46,57,60],"class_list":["post-2378","speaker","type-speaker","status-publish","has-post-thumbnail","hentry","speaker-tags-business","speaker-tags-conference","speaker-tags-event","speaker-tags-speaker","speaker-tags-storyteller"],"_links":{"self":[{"href":"https:\/\/expofamilia.hn\/expofamilia.hn\/wp-json\/wp\/v2\/speaker\/2378","targetHints":{"allow":["GET"]}}],"collection":[{"href":"https:\/\/expofamilia.hn\/expofamilia.hn\/wp-json\/wp\/v2\/speaker"}],"about":[{"href":"https:\/\/expofamilia.hn\/expofamilia.hn\/wp-json\/wp\/v2\/types\/speaker"}],"author":[{"embeddable":true,"href":"https:\/\/expofamilia.hn\/expofamilia.hn\/wp-json\/wp\/v2\/users\/1"}],"replies":[{"embeddable":true,"href":"https:\/\/expofamilia.hn\/expofamilia.hn\/wp-json\/wp\/v2\/comments?post=2378"}],"version-history":[{"count":1,"href":"https:\/\/expofamilia.hn\/expofamilia.hn\/wp-json\/wp\/v2\/speaker\/2378\/revisions"}],"predecessor-version":[{"id":2612,"href":"https:\/\/expofamilia.hn\/expofamilia.hn\/wp-json\/wp\/v2\/speaker\/2378\/revisions\/2612"}],"wp:featuredmedia":[{"embeddable":true,"href":"https:\/\/expofamilia.hn\/expofamilia.hn\/wp-json\/wp\/v2\/media\/2611"}],"wp:attachment":[{"href":"https:\/\/expofamilia.hn\/expofamilia.hn\/wp-json\/wp\/v2\/media?parent=2378"}],"wp:term":[{"taxonomy":"location","embeddable":true,"href":"https:\/\/expofamilia.hn\/expofamilia.hn\/wp-json\/wp\/v2\/location?post=2378"},{"taxonomy":"speaker-tags","embeddable":true,"href":"https:\/\/expofamilia.hn\/expofamilia.hn\/wp-json\/wp\/v2\/speaker-tags?post=2378"}],"curies":[{"name":"wp","href":"https:\/\/api.w.org\/{rel}","templated":true}]}}

<p> Presentadora de la revista matutina Las Mañanas del 5, Talento TVC , enérgica, carismática, figura fitness, a través de sus redes sociales brinda consejos de salud y nutrición y rutinas de ejercicio fáciles y rápidas. </p>

<p>Presentadora de la revista matutina Las Mañanas del 5, Talento TVC , enérgica, carismática, figura fitness, a través de sus redes sociales brinda consejos de salud y nutrición y rutinas de ejercicio fáciles y rápidas.</p>
